0502 is divided by 316829?
15
Calculate the remainder when 73311 is divided by 6082.
327
Calculate the remainder when 1684951 is divided by 842471.
9
What is the remainder when 78205761 is divided by 121?
73
What is the remainder when 15164 is divided by 436?
340
What is the remainder when 3216902 is divided by 21?
17
Calculate the remainder when 437290 is divided by 4753.
14
Calculate the remainder when 6993735 is divided by 3437.
2877
What is the remainder when 2734569 is divided by 54685?
319
What is the remainder when 9213164 is divided by 414?
8
What is the remainder when 81354 is divided by 3057?
1872
What is the remainder when 390559 is divided by 2830?
19
What is the remainder when 558261 is divided by 111650?
11
Calculate the remainder when 1943795 is divided by 8639.
20
What is the remainder when 20028215 is divided by 87843?
11
Calculate the remainder when 488503381 is divided by 162.
157
Calculate the remainder when 406432 is divided by 10418.
130
Calculate the remainder when 3459615 is divided by 172980.
15
Calculate the remainder when 562047 is divided by 56199.
57
What is the remainder when 680775 is divided by 226858?
201
What is the remainder when 129372 is divided by 403?
9
What is the remainder when 536826 is divided by 178941?
3
Calculate the remainder when 55915 is divided by 18470.
505
What is the remainder when 55729 is divided by 11139?
34
What is the remainder when 2057305 is divided by 7045?
165
What is the remainder when 16587998 is divided by 2600?
2598
What is the remainder when 37630 is divided by 2944?
2302
Calculate the remainder when 7241619 is divided by 1165.
1144
What is the remainder when 437175 is divided by 50?
25
Calculate the remainder when 13098 is divided by 624.
618
What is the remainder when 40791623 is divided by 509895?
23
Calculate the remainder when 240258074 is divided by 11440860.
14
What is the remainder when 34433 is divided by 358?
65
Calculate the remainder when 77710718 is divided by 6475893.
2
Calculate the remainder when 7922994 is divided by 1390.
1384
Calculate the remainder when 586076 is divided by 292900.
276
Calculate the remainder when 282280 is divided by 31353.
103
What is the remainder when 915424 is divided by 148?
44
What is the remainder when 39106 is divided by 2573?
511
What is the remainder when 414873285 is divided by 1854?
1851
What is the remainder when 1187039 is divided by 107909?
40
What is the remainder when 27416 is divided by 6039?
3260
What is the remainder when 48098888 is divided by 65?
58
What is the remainder when 252179 is divided by 2174?
2169
Calculate the remainder when 346301 is divided by 86567.
33
Calculate the remainder when 556264888 is divided by 13.
10
Calculate the remainder when 10107743 is divided by 10107694.
49
What is the remainder when 8875357 is divided by 40?
37
What is the remainder when 127034 is divided by 2396?
46
What is the remainder when 1171732 is divided by 6?
4
Calculate the remainder when 147264 is divided by 16357.
51
What is the remainder when 1383110 is divided by 806?
14
What is the remainder when 322989 is divided by 46134?
51
Calculate the remainder when 2372818 is divided by 1186275.
268
What is the remainder when 49996063 is divided by 23?
20
What is the remainder when 1131683 is divided by 7751?
37
Calculate the remainder when 58764459 is divided by 60.
39
Calculate the remainder when 6710360 is divided by 39.
20
Calculate the remainder when 18831665 is divided by 7801.
51
Calculate the remainder when 425641 is divided by 212735.
171
Calculate the remainder when 3631546 is divided by 2352.
58
Calculate the remainder when 162322 is divided by 107.
3
What is the remainder when 4662771 is divided by 2471?
2465
What is the remainder when 1848106 is divided by 17601?
1
Calculate the remainder when 12063136 is divided by 330.
316
What is the remainder when 170910803 is divided by 21?
14
What is the remainder when 2890214 is divided by 4130?
3344
Calculate the remainder when 8888943 is divided by 737.
723
Calculate the remainder when 557979446 is divided by 101.
98
Calculate the remainder when 47889 is divided by 20989.
5911
What is the remainder when 352534818 is divided by 5996?
5994
Calculate the remainder when 1698692 is divided by 20218.
380
What is the remainder when 346232 is divided by 346089?
143
What is the remainder when 103782 is divided by 104?
94
What is the remainder when 4151891 is divided by 2075931?
29
What is the remainder when 11374109 is divided by 52?
45
What is the remainder when 143677465 is divided by 86?
17
What is the remainder when 6492230 is divided by 541019?
2
What is the remainder when 447462 is divided by 2260?
2242
What is the remainder when 2977290 is divided by 18843?
96
What is the remainder when 87923555 is divided by 2376312?
11
Calculate the remainder when 555564 is divided by 310.
44
Calculate the remainder when 101502 is divided by 987.
828
Calculate the remainder when 240481 is divided by 143.
98
What is the remainder when 62528952 is divided by 29?
22
What is the remainder when 225606 is divided by 1079?
95
Calculate the remainder when 69166 is divided by 4823.
1644
What is the remainder when 2537404 is divided by 1178?
1170
What is the remainder when 258857 is divided by 14?
11
What is the remainder when 3011584 is divided by 1003836?
76
What is the remainder when 570927 is divided by 4548?
2427
Calculate the remainder when 181072494 is divided by 33839.
5
What is the remainder when 472374 is divided by 157456?
6
Calculate the remainder when 111526 is divided by 2186.
40
Calculate the remainder when 20330937 is divided by 30.
27
What is the remainder when 82323477 is divided by 205?
192
What is the remainder when 14251103 is divided by 84?
83
What is the remainder when 10197652 is divided by 3399154?
190
Calculate the remainder when 75182 is divided by 6123.
1706
Calculate the remainder when 3414731 is divided by 98.
19
Calculate the remainder when 96460 is divided by 31817.
1009
What is the remainder when 2681703 is divided by 86?
51
What is the remainder when 287104 is divided by 47750?
604
What is the remainder when 2010015 is divided by 502501?
11
What is the remainder when 4421883 is divided by 852?
3
Calculate the remainder when 91039 is divided by 67.
53
Calculate the remainder when 191690 is divided by 14738.
96
What is the remainder when 129973 is divided by 32236?
1029
What is the remainder when 15731 is divided by 5189?
164
Calculate the remainder when 226256 is divided by 14959.
1871
What is the remainder when 1479883 is divided by 25082?
45
What is the remainder when 3156 is divided by 3025?
131
What is the remainder when 1451438 is divided by 650?
638
Calculate the remainder when 62678 is divided by 7714.
966
Calculate the remainder when 2352469 is divided by 1178.
3
What is the remainder when 7254970 is divided by 130?
60
Calculate the remainder when 70218 is divided by 132.
126
What is the remainder when 151773 is divided by 1445?
48
Calculate the remainder when 50667893 is divided by 2059.
21
Calculate the remainder when 1871456 is divided by 1871441.
15
What is the remainder when 119050 is divided by 1417?
22
Calculate the remainder when 74693 is divided by 2606.
1725
Calculate the remainder when 26511 is divided by 3293.
167
Calculate the remainder when 108935682 is divided by 7396.
7394
Calculate the remainder when 1551857 is divided by 172398.
275
Calculate the remainder when 765289 is divided by 11254.
17
Calculate the remainder when 218145 is divided by 280.
25
What is the remainder when 238735 is divided by 119352?
31
What is the remainder when 25534178 is divided by 99?
98
What is the remainder when 26519 is divided by 4371?
293
Calculate the remainder when 35010244 is divided by 970.
34
What is the remainder when 194912222 is divided by 85?
82
Calculate the remainder when 4029883 is divided by 7222.
7
Calculate the remainder when 784634 is divided by 22.
4
What is the remainder when 421533 is divided by 2215?
683
What is the remainder when 7056189 is divided by 294002?
141
What is the remainder when 107316 is divided by 107266?
50
Calculate the remainder when 1286516 is divided by 112.
84
What is the remainder when 3757134 is divided by 154?
150
What